{"id":37,"date":"2026-01-31T23:18:36","date_gmt":"2026-01-31T23:18:36","guid":{"rendered":"https:\/\/makedamusic.fr\/funerailles\/?page_id=37"},"modified":"2026-03-08T21:09:14","modified_gmt":"2026-03-08T21:09:14","slug":"blog-funerailles","status":"publish","type":"page","link":"https:\/\/makedamusic.fr\/funerailles\/blog-funerailles\/","title":{"rendered":"Conseils pour organiser un hommage fun\u00e9raire"},"content":{"rendered":"\n<main class=\"wp-block-group alignfull site-content has-global-padding is-layout-constrained wp-block-group-is-layout-constrained\" style=\"margin-top:0\">\n<div class=\"wp-block-cover alignfull\"><img decoding=\"async\" class=\"wp-block-cover__image-background wp-image-5614\" alt=\"\" src=\"https:\/\/makedamusic.fr\/funerailles\/wp-content\/themes\/uniblock\/assets\/images\/Rectangle-49.png\" data-object-fit=\"cover\"\/><span aria-hidden=\"true\" class=\"wp-block-cover__background has-secondary-background-color has-background-dim-60 has-background-dim\"><\/span><div class=\"wp-block-cover__inner-container is-layout-flow wp-block-cover-is-layout-flow\">\n<div class=\"wp-block-group is-style-default has-global-padding is-layout-constrained wp-container-core-group-is-layout-4383d167 wp-block-group-is-layout-constrained\">\n<div style=\"height:88px\" aria-hidden=\"true\" class=\"wp-block-spacer\"><\/div>\n\n\n\n<h1 class=\"wp-block-heading has-white-color has-text-color has-max-48-font-size\">Conseils pour organiser un hommage fun\u00e9raire<\/h1>\n\n\n\n<p>Pour en savoir plus sur ce moment charni\u00e8re<\/p>\n\n\n\n<div style=\"height:63px\" aria-hidden=\"true\" class=\"wp-block-spacer\"><\/div>\n<\/div>\n<\/div><\/div>\n<\/main>\n\n\n\n<div style=\"height:64px\" aria-hidden=\"true\" class=\"wp-block-spacer\"><\/div>\n\n\n\n<div class=\"wp-block-group has-global-padding is-layout-constrained wp-block-group-is-layout-constrained\">\n<div class=\"wp-block-columns alignfull are-vertically-aligned-center is-not-stacked-on-mobile is-style-default is-layout-flex wp-container-core-columns-is-layout-28f84493 wp-block-columns-is-layout-flex\">\n<div class=\"wp-block-column is-vertically-aligned-center is-layout-flow wp-block-column-is-layout-flow\" style=\"flex-basis:100%\">\n<main class=\"wp-block-group site-content is-layout-flow wp-block-group-is-layout-flow\" style=\"margin-top:0;padding-top:0px;padding-bottom:40px\">\n<div class=\"wp-block-query is-layout-flow wp-block-query-is-layout-flow\">\n<div class=\"wp-block-group has-global-padding is-layout-constrained wp-block-group-is-layout-constrained\"><ul class=\"columns-3 wp-block-post-template is-layout-grid wp-container-core-post-template-is-layout-572542b5 wp-block-post-template-is-layout-grid\"><li class=\"wp-block-post post-194 post type-post status-publish format-standard has-post-thumbnail hentry category-ceremonie\">\n<figure style=\"width:100%;height:400px;\" class=\"wp-block-post-featured-image\"><a href=\"https:\/\/makedamusic.fr\/funerailles\/ceremonie-hommage-personnalisation-sobre\/\" target=\"_self\"  style=\"height:400px\"><img fetchpriority=\"high\" decoding=\"async\" width=\"1920\" height=\"1275\" src=\"https:\/\/makedamusic.fr\/funerailles\/wp-content\/uploads\/2026\/03\/davide-ragusa-g32g_IBprFA-unsplash.jpg\" class=\"attachment-post-thumbnail size-post-thumbnail wp-post-image\" alt=\"C\u00e9r\u00e9monie et personnalisation : rendre l\u2019hommage plus juste\" style=\"border-radius:20px;border-style:none;border-width:0px;height:400px;object-fit:cover;\" srcset=\"https:\/\/makedamusic.fr\/funerailles\/wp-content\/uploads\/2026\/03\/davide-ragusa-g32g_IBprFA-unsplash.jpg 1920w, https:\/\/makedamusic.fr\/funerailles\/wp-content\/uploads\/2026\/03\/davide-ragusa-g32g_IBprFA-unsplash-300x199.jpg 300w, https:\/\/makedamusic.fr\/funerailles\/wp-content\/uploads\/2026\/03\/davide-ragusa-g32g_IBprFA-unsplash-1024x680.jpg 1024w, https:\/\/makedamusic.fr\/funerailles\/wp-content\/uploads\/2026\/03\/davide-ragusa-g32g_IBprFA-unsplash-768x510.jpg 768w, https:\/\/makedamusic.fr\/funerailles\/wp-content\/uploads\/2026\/03\/davide-ragusa-g32g_IBprFA-unsplash-1536x1020.jpg 1536w\" sizes=\"(max-width: 1920px) 100vw, 1920px\" \/><\/a><\/figure>\n\n<div style=\"text-transform:uppercase\" class=\"taxonomy-category wp-block-post-terms has-small-font-size\"><a href=\"https:\/\/makedamusic.fr\/funerailles\/category\/ceremonie\/\" rel=\"tag\">C\u00e9r\u00e9monie<\/a><\/div>\n\n<h3 style=\"margin-bottom:var(--wp--preset--spacing--50);margin-top:var(--wp--preset--spacing--40);margin-right:0;\" class=\"has-link-color wp-elements-e3dd734c7779bc927ea91b3794de4d1d wp-block-post-title has-text-color has-tertiary-color has-large-font-size\"><a href=\"https:\/\/makedamusic.fr\/funerailles\/ceremonie-hommage-personnalisation-sobre\/\" target=\"_self\" >C\u00e9r\u00e9monie et personnalisation : rendre l\u2019hommage plus juste<\/a><\/h3>\n\n<div style=\"margin-bottom:var(--wp--preset--spacing--40);\" class=\"wp-block-post-date\"><time datetime=\"2026-03-07T09:36:27+00:00\">7 mars 2026<\/time><\/div>\n\n<div class=\"wp-block-post-excerpt\"><p class=\"wp-block-post-excerpt__excerpt\">Une c\u00e9r\u00e9monie n\u2019a pas besoin d\u2019\u00eatre compliqu\u00e9e pour \u00eatre belle. Ce guide propose des id\u00e9es simples pour cr\u00e9er un hommage fid\u00e8le \u00e0 la personne disparue. <\/p><\/div>\n\n<a class=\"wp-block-read-more\" href=\"https:\/\/makedamusic.fr\/funerailles\/ceremonie-hommage-personnalisation-sobre\/\" target=\"_self\">Lire la suite<span class=\"screen-reader-text\">\u00a0: C\u00e9r\u00e9monie et personnalisation : rendre l\u2019hommage plus juste<\/span><\/a>\n\n\n<div style=\"height:50px\" aria-hidden=\"true\" class=\"wp-block-spacer\"><\/div>\n\n\n\n<hr class=\"wp-block-separator has-text-color has-alpha-channel-opacity has-background is-style-wide\" style=\"background-color:#6d6d7821;color:#6d6d7821\"\/>\n\n\n\n<div style=\"height:50px\" aria-hidden=\"true\" class=\"wp-block-spacer\"><\/div>\n\n<\/li><li class=\"wp-block-post post-191 post type-post status-publish format-standard has-post-thumbnail hentry category-ceremonie\">\n<figure style=\"width:100%;height:400px;\" class=\"wp-block-post-featured-image\"><a href=\"https:\/\/makedamusic.fr\/funerailles\/respecter-volontes-defunt-eviter-conflits\/\" target=\"_self\"  style=\"height:400px\"><img decoding=\"async\" width=\"1920\" height=\"1280\" src=\"https:\/\/makedamusic.fr\/funerailles\/wp-content\/uploads\/2026\/03\/luigi-boccardo-OGSbrFW_dos-unsplash.jpg\" class=\"attachment-post-thumbnail size-post-thumbnail wp-post-image\" alt=\"Respecter les volont\u00e9s du d\u00e9funt : un rep\u00e8re pr\u00e9cieux pour les proches\" style=\"border-radius:20px;border-style:none;border-width:0px;height:400px;object-fit:cover;\" srcset=\"https:\/\/makedamusic.fr\/funerailles\/wp-content\/uploads\/2026\/03\/luigi-boccardo-OGSbrFW_dos-unsplash.jpg 1920w, https:\/\/makedamusic.fr\/funerailles\/wp-content\/uploads\/2026\/03\/luigi-boccardo-OGSbrFW_dos-unsplash-300x200.jpg 300w, https:\/\/makedamusic.fr\/funerailles\/wp-content\/uploads\/2026\/03\/luigi-boccardo-OGSbrFW_dos-unsplash-1024x683.jpg 1024w, https:\/\/makedamusic.fr\/funerailles\/wp-content\/uploads\/2026\/03\/luigi-boccardo-OGSbrFW_dos-unsplash-768x512.jpg 768w, https:\/\/makedamusic.fr\/funerailles\/wp-content\/uploads\/2026\/03\/luigi-boccardo-OGSbrFW_dos-unsplash-1536x1024.jpg 1536w\" sizes=\"(max-width: 1920px) 100vw, 1920px\" \/><\/a><\/figure>\n\n<div style=\"text-transform:uppercase\" class=\"taxonomy-category wp-block-post-terms has-small-font-size\"><a href=\"https:\/\/makedamusic.fr\/funerailles\/category\/ceremonie\/\" rel=\"tag\">C\u00e9r\u00e9monie<\/a><\/div>\n\n<h3 style=\"margin-bottom:var(--wp--preset--spacing--50);margin-top:var(--wp--preset--spacing--40);margin-right:0;\" class=\"has-link-color wp-elements-e3dd734c7779bc927ea91b3794de4d1d wp-block-post-title has-text-color has-tertiary-color has-large-font-size\"><a href=\"https:\/\/makedamusic.fr\/funerailles\/respecter-volontes-defunt-eviter-conflits\/\" target=\"_self\" >Respecter les volont\u00e9s du d\u00e9funt : un rep\u00e8re pr\u00e9cieux pour les proches<\/a><\/h3>\n\n<div style=\"margin-bottom:var(--wp--preset--spacing--40);\" class=\"wp-block-post-date\"><time datetime=\"2026-03-07T09:34:53+00:00\">7 mars 2026<\/time><\/div>\n\n<div class=\"wp-block-post-excerpt\"><p class=\"wp-block-post-excerpt__excerpt\">Quand les volont\u00e9s d\u2019un proche sont connues, l\u2019organisation des obs\u00e8ques devient souvent un peu moins lourde. Ce guide aide \u00e0 les comprendre, les prioriser et les respecter avec justesse. <\/p><\/div>\n\n<a class=\"wp-block-read-more\" href=\"https:\/\/makedamusic.fr\/funerailles\/respecter-volontes-defunt-eviter-conflits\/\" target=\"_self\">Lire la suite<span class=\"screen-reader-text\">\u00a0: Respecter les volont\u00e9s du d\u00e9funt : un rep\u00e8re pr\u00e9cieux pour les proches<\/span><\/a>\n\n\n<div style=\"height:50px\" aria-hidden=\"true\" class=\"wp-block-spacer\"><\/div>\n\n\n\n<hr class=\"wp-block-separator has-text-color has-alpha-channel-opacity has-background is-style-wide\" style=\"background-color:#6d6d7821;color:#6d6d7821\"\/>\n\n\n\n<div style=\"height:50px\" aria-hidden=\"true\" class=\"wp-block-spacer\"><\/div>\n\n<\/li><li class=\"wp-block-post post-189 post type-post status-publish format-standard has-post-thumbnail hentry category-budget category-organisation\">\n<figure style=\"width:100%;height:400px;\" class=\"wp-block-post-featured-image\"><a href=\"https:\/\/makedamusic.fr\/funerailles\/choisir-entreprise-funeraire-questions-devis\/\" target=\"_self\"  style=\"height:400px\"><img decoding=\"async\" width=\"1920\" height=\"1273\" src=\"https:\/\/makedamusic.fr\/funerailles\/wp-content\/uploads\/2026\/02\/ditto-bowo-jCpj6JBDDFU.jpg\" class=\"attachment-post-thumbnail size-post-thumbnail wp-post-image\" alt=\"Choisir une entreprise fun\u00e9raire : chercher la clart\u00e9 avant tout\" style=\"border-radius:20px;border-style:none;border-width:0px;height:400px;object-fit:cover;\" srcset=\"https:\/\/makedamusic.fr\/funerailles\/wp-content\/uploads\/2026\/02\/ditto-bowo-jCpj6JBDDFU.jpg 1920w, https:\/\/makedamusic.fr\/funerailles\/wp-content\/uploads\/2026\/02\/ditto-bowo-jCpj6JBDDFU-300x199.jpg 300w, https:\/\/makedamusic.fr\/funerailles\/wp-content\/uploads\/2026\/02\/ditto-bowo-jCpj6JBDDFU-1024x679.jpg 1024w, https:\/\/makedamusic.fr\/funerailles\/wp-content\/uploads\/2026\/02\/ditto-bowo-jCpj6JBDDFU-768x509.jpg 768w, https:\/\/makedamusic.fr\/funerailles\/wp-content\/uploads\/2026\/02\/ditto-bowo-jCpj6JBDDFU-1536x1018.jpg 1536w\" sizes=\"(max-width: 1920px) 100vw, 1920px\" \/><\/a><\/figure>\n\n<div style=\"text-transform:uppercase\" class=\"taxonomy-category wp-block-post-terms has-small-font-size\"><a href=\"https:\/\/makedamusic.fr\/funerailles\/category\/budget\/\" rel=\"tag\">Budget<\/a><span class=\"wp-block-post-terms__separator\">, <\/span><a href=\"https:\/\/makedamusic.fr\/funerailles\/category\/organisation\/\" rel=\"tag\">Organisation<\/a><\/div>\n\n<h3 style=\"margin-bottom:var(--wp--preset--spacing--50);margin-top:var(--wp--preset--spacing--40);margin-right:0;\" class=\"has-link-color wp-elements-e3dd734c7779bc927ea91b3794de4d1d wp-block-post-title has-text-color has-tertiary-color has-large-font-size\"><a href=\"https:\/\/makedamusic.fr\/funerailles\/choisir-entreprise-funeraire-questions-devis\/\" target=\"_self\" >Choisir une entreprise fun\u00e9raire : chercher la clart\u00e9 avant tout<\/a><\/h3>\n\n<div style=\"margin-bottom:var(--wp--preset--spacing--40);\" class=\"wp-block-post-date\"><time datetime=\"2026-03-07T09:34:14+00:00\">7 mars 2026<\/time><\/div>\n\n<div class=\"wp-block-post-excerpt\"><p class=\"wp-block-post-excerpt__excerpt\">Choisir une entreprise fun\u00e9raire dans l\u2019urgence est difficile. Ce guide aide les familles \u00e0 poser les bonnes questions, \u00e0 lire un devis et \u00e0 retrouver un peu de confiance. <\/p><\/div>\n\n<a class=\"wp-block-read-more\" href=\"https:\/\/makedamusic.fr\/funerailles\/choisir-entreprise-funeraire-questions-devis\/\" target=\"_self\">Lire la suite<span class=\"screen-reader-text\">\u00a0: Choisir une entreprise fun\u00e9raire : chercher la clart\u00e9 avant tout<\/span><\/a>\n\n\n<div style=\"height:50px\" aria-hidden=\"true\" class=\"wp-block-spacer\"><\/div>\n\n\n\n<hr class=\"wp-block-separator has-text-color has-alpha-channel-opacity has-background is-style-wide\" style=\"background-color:#6d6d7821;color:#6d6d7821\"\/>\n\n\n\n<div style=\"height:50px\" aria-hidden=\"true\" class=\"wp-block-spacer\"><\/div>\n\n<\/li><\/ul><\/div>\n\n\n\n\n<nav class=\"wp-block-query-pagination has-medium-font-size is-content-justification-space-between is-layout-flex wp-container-core-query-pagination-is-layout-b585a4aa wp-block-query-pagination-is-layout-flex\" aria-label=\"Pagination\">\n\n\n<div class=\"wp-block-query-pagination-numbers\"><span aria-current=\"page\" class=\"page-numbers current\">1<\/span>\n<a class=\"page-numbers\" href=\"?query-4-page=2\">2<\/a>\n<a class=\"page-numbers\" href=\"?query-4-page=3\">3<\/a><\/div>\n\n<a href=\"\/funerailles\/wp-json\/wp\/v2\/pages\/37?query-4-page=2\" class=\"wp-block-query-pagination-next\">Page suivante<span class='wp-block-query-pagination-next-arrow is-arrow-chevron' aria-hidden='true'>\u00bb<\/span><\/a>\n<\/nav><\/div>\n<\/main>\n<\/div>\n<\/div>\n<\/div>\n","protected":false},"excerpt":{"rendered":"","protected":false},"author":1,"featured_media":0,"parent":0,"menu_order":4,"comment_status":"closed","ping_status":"closed","template":"no-title","meta":{"footnotes":""},"class_list":["post-37","page","type-page","status-publish","hentry"],"aioseo_notices":[],"_hostinger_reach_plugin_has_subscription_block":false,"_hostinger_reach_plugin_is_elementor":false,"_links":{"self":[{"href":"https:\/\/makedamusic.fr\/funerailles\/wp-json\/wp\/v2\/pages\/37","targetHints":{"allow":["GET"]}}],"collection":[{"href":"https:\/\/makedamusic.fr\/funerailles\/wp-json\/wp\/v2\/pages"}],"about":[{"href":"https:\/\/makedamusic.fr\/funerailles\/wp-json\/wp\/v2\/types\/page"}],"author":[{"embeddable":true,"href":"https:\/\/makedamusic.fr\/funerailles\/wp-json\/wp\/v2\/users\/1"}],"replies":[{"embeddable":true,"href":"https:\/\/makedamusic.fr\/funerailles\/wp-json\/wp\/v2\/comments?post=37"}],"version-history":[{"count":6,"href":"https:\/\/makedamusic.fr\/funerailles\/wp-json\/wp\/v2\/pages\/37\/revisions"}],"predecessor-version":[{"id":298,"href":"https:\/\/makedamusic.fr\/funerailles\/wp-json\/wp\/v2\/pages\/37\/revisions\/298"}],"wp:attachment":[{"href":"https:\/\/makedamusic.fr\/funerailles\/wp-json\/wp\/v2\/media?parent=37"}],"curies":[{"name":"wp","href":"https:\/\/api.w.org\/{rel}","templated":true}]}}