{"id":7085,"date":"2025-02-06T23:05:13","date_gmt":"2025-02-06T23:05:13","guid":{"rendered":"https:\/\/makedamusic.fr\/mariage\/?page_id=7085"},"modified":"2026-03-18T21:07:04","modified_gmt":"2026-03-18T20:07:04","slug":"mentions-legales","status":"publish","type":"page","link":"https:\/\/makedamusic.fr\/mariage\/mentions-legales\/","title":{"rendered":"Mentions L\u00e9gales"},"content":{"rendered":"\n<p><\/p>\n\n\n\n<p>L\u2019utilisation de ce Site entra\u00eene votre adh\u00e9sion aux conditions d\u2019utilisation. Si vous n\u2019\u00eates pas d\u2019accord avec les clauses \u00e9nonc\u00e9es ci-apr\u00e8s ou si vous \u00eates mineur, nous vous remercions de ne pas utiliser ce Site.<\/p>\n\n\n\n<p>Article 1 \u2013 \u00c9diteur du site, objet et propri\u00e9t\u00e9<br>Ce site est la propri\u00e9t\u00e9 exclusive de l\u2019association Makeda, son n\u00b0 siret est le 79521356000027 et son code APE le 9001Z et son si\u00e8ge social est situ\u00e9 au 20, rue Edouard Pailleron &#8211; 75019 Paris (T\u00e9l : <a href=\"tel:06%2019%2018%2067%2016\">06 19 18 67 16<\/a>).<br>Ce site a \u00e9t\u00e9 mis en place par l\u2019association Makeda afin de proposer les services de makeda music.<br>L\u2019h\u00e9bergement de ce site est assur\u00e9 par la soci\u00e9t\u00e9 Hostinger : <a href=\"https:\/\/www.hostinger.fr\/contact\">https:\/\/www.hostinger.fr\/contact<\/a>.<\/p>\n\n\n\n<p>Les prestations que nous r\u00e9alisons ne sont pas vendues par Internet et font toutes l\u2019objet d\u2019un contrat \u00e9crit.<\/p>\n\n\n\n<p>Article 2 \u2013 Donn\u00e9es personnelles<br>2.1 Utilisation des donn\u00e9es personnelles collect\u00e9es sur le site<br>Dans un souci de transparence et de protection de vos droits, makeda music ne se procurera pas des informations permettant de vous identifier personnellement sauf \u00e0 ce que vous nous les communiquiez volontairement en remplissant les formulaires figurant sur le site, exception faite des adresses IP des visiteurs, qui sont enregistr\u00e9es automatiquement par nos syst\u00e8mes dans les logs serveurs. Les donn\u00e9es personnelles collect\u00e9es par makeda music sont indispensables au traitement des :<\/p>\n\n\n\n<ul class=\"wp-block-list\">\n<li>demandes de devis<\/li>\n\n\n\n<li>demandes d\u2019informations<\/li>\n<\/ul>\n\n\n\n<p>Le caract\u00e8re obligatoire des informations sollicit\u00e9es est indiqu\u00e9, le d\u00e9faut de r\u00e9ponse aura pour cons\u00e9quence le non-traitement de votre demande.<\/p>\n\n\n\n<p>2.2 Destination des donn\u00e9es personnelles collect\u00e9es sur le site<br>Ces informations sont destin\u00e9es \u00e0 l\u2019usage de makeda music, et des partenaires de makeda music, dans l\u2019organisation de votre \u00e9v\u00e8nement. L\u2019utilisateur peut cependant s\u2019opposer pour des motifs l\u00e9gitimes formul\u00e9s par courrier postal, au traitement de ses donn\u00e9es \u00e0 caract\u00e8re personnel. Les coordonn\u00e9es personnelles recueillies aupr\u00e8s de l\u2019utilisateur du Site ne seront pas utilis\u00e9es par makeda music \u00e0 des fins de prospection commerciale sans son consentement pr\u00e9alable, sauf dans les conditions pr\u00e9cis\u00e9es par l\u2019article L121-20-5 du Code de la consommation.<\/p>\n\n\n\n<p>2.3 Droit d\u2019acc\u00e8s, de modification et de suppression<br>Conform\u00e9ment \u00e0 la loi n\u00b078-17 dite \u00ab Informatique et Libert\u00e9s \u00bb du 6 janvier 1978, les donn\u00e9es personnelles collect\u00e9es par makeda music\u00a0 ont fait l\u2019objet d\u2019une d\u00e9claration aupr\u00e8s de la CNIL (num\u00e9ro \u00a0 \u00a0 ).<\/p>\n\n\n\n<p>Vous disposez, conform\u00e9ment \u00e0 la loi n\u00b078-17 dite \u00ab Informatique et Libert\u00e9s \u00bb du 6 janvier 1978, d\u2019un droit d\u2019acc\u00e8s, de rectification, de modification, d\u2019opposition et de suppression sur les donn\u00e9es vous concernant.<br>Vous pouvez exercer ce droit en nous contactant par l\u2019interm\u00e9diaire de notre formulaire de contact, ou en adressant un courrier \u00e0 makeda, 20, rue Edouard Pailleron &#8211; 75019 Paris.<br>Nous prendrons toutefois la pr\u00e9caution de v\u00e9rifier votre identit\u00e9 avant de vous donner l\u2019acc\u00e8s \u00e0 vos donn\u00e9es personnelles ou de donner suite \u00e0 vos corrections.<br>Vous pouvez \u00e9galement, pour des motifs l\u00e9gitimes, vous opposer au traitement des donn\u00e9es vous concernant.<\/p>\n\n\n\n<p><br>L\u2019utilisateur a la possibilit\u00e9 d\u2019exercer le droit d\u2019opposition en envoyant un email \u00e0 <a href=\"mailto:contact@makedamusic.fr\" title=\"\">contact@makedamusic.fr<\/a>. Les informations recueillies sont \u00e0 la seule destination de makeda music.<br><\/p>\n\n\n\n<p>Article 3 \u2013 Responsabilit\u00e9<br>Pour la bonne gestion du Site, makeda se r\u00e9serve la possibilit\u00e9 de suspendre la disponibilit\u00e9 du Site, de supprimer toute information pouvant perturber le fonctionnement de la plate-forme ou entrant en contravention avec les lois nationales pouvant donner lieu \u00e0 des poursuites civiles ou p\u00e9nales, ou encore de suspendre le Site afin de proc\u00e9der \u00e0 des mises \u00e0 jour.<br>La responsabilit\u00e9 de l\u2019association Makeda ne peut \u00eatre engag\u00e9e en cas de d\u00e9faillance, panne, difficult\u00e9 ou interruption de fonctionnement, emp\u00eachant l\u2019acc\u00e8s au Site ou \u00e0 une de ses fonctionnalit\u00e9s.<br>L\u2019utilisateur du Site reconna\u00eet que son mat\u00e9riel de connexion au Site est sous son enti\u00e8re responsabilit\u00e9 et qu\u2019il doit prendre toutes les mesures appropri\u00e9es visant \u00e0 prot\u00e9ger ses propres donn\u00e9es notamment d\u2019attaques virales par Internet. L\u2019utilisateur est par ailleurs le seul responsable des sites et donn\u00e9es qu\u2019il consulte.<br>l\u2019association makeda ne pourra \u00eatre tenue responsable en cas de poursuites judiciaires \u00e0 l\u2019encontre de l\u2019utilisateur du fait de l\u2019usage du Site ou de tout service accessible via Internet.<br>Enfin, l\u2019utilisateur du Site reconna\u00eet qu\u2019il demeure responsable de tout dommage caus\u00e9 \u00e0 lui-m\u00eame, \u00e0 des tiers et\/ou \u00e0 son \u00e9quipement du fait de sa connexion ou de l\u2019utilisation du Site<\/p>\n\n\n\n<p>Article 4 \u2013 Liens hypertextes<br>La cr\u00e9ation de liens vers le site www.makedamusic.fr\/mariage est soumise \u00e0 l\u2019accord pr\u00e9alable de l\u2019association makeda.\u00a0 Vous pouvez \u00e0 ce titre envoyer un courriel \u00e0 l\u2019adresse suivante : <a href=\"mailto:contact@makedamusic.fr\" title=\"\">contact@makedamusic.fr<\/a>. Toute information accessible via un lien vers d\u2019autres sites n\u2019est pas sous le contr\u00f4le de makeda music qui d\u00e9cline toute responsabilit\u00e9 quant \u00e0 leur contenu.<\/p>\n\n\n\n<p>Article 5 \u2013 Cookies<br>Le site peut faire usage de cookies qui ont pour but d\u2019am\u00e9liorer le service des utilisateurs et seront \u00e9ventuellement utilis\u00e9s \u00e0 cette seule fin.<\/p>\n\n\n\n<div style=\"height:100px\" aria-hidden=\"true\" class=\"wp-block-spacer\"><\/div>\n\n\n\n<p><\/p>\n","protected":false},"excerpt":{"rendered":"<p>L\u2019utilisation de ce Site entra\u00eene votre adh\u00e9sion aux conditions d\u2019utilisation. Si vous n\u2019\u00eates pas d\u2019accord avec les clauses \u00e9nonc\u00e9es ci-apr\u00e8s ou si vous \u00eates mineur, nous vous remercions de ne pas utiliser ce Site. Article 1 \u2013 \u00c9diteur du site, objet et propri\u00e9t\u00e9Ce site est la propri\u00e9t\u00e9 exclusive de l\u2019association Makeda, son n\u00b0 siret est &hellip; <\/p>\n<p class=\"link-more\"><a href=\"https:\/\/makedamusic.fr\/mariage\/mentions-legales\/\" class=\"more-link\">Lire la suite de<span class=\"screen-reader-text\">\u00ab\u00a0Mentions L\u00e9gales\u00a0\u00bb<\/span><\/a><\/p>\n","protected":false},"author":1,"featured_media":6506,"parent":0,"menu_order":0,"comment_status":"closed","ping_status":"closed","template":"elementor_theme","meta":{"inspiro_hide_title":false,"footnotes":""},"class_list":["post-7085","page","type-page","status-publish","has-post-thumbnail","hentry"],"aioseo_notices":[],"featured_media_urls":{"thumbnail":["https:\/\/makedamusic.fr\/mariage\/wp-content\/uploads\/2021\/10\/annie-spratt-O-40u5howqw-unsplash-150x150.jpg",150,150,true],"medium":["https:\/\/makedamusic.fr\/mariage\/wp-content\/uploads\/2021\/10\/annie-spratt-O-40u5howqw-unsplash-300x200.jpg",300,200,true],"medium_large":["https:\/\/makedamusic.fr\/mariage\/wp-content\/uploads\/2021\/10\/annie-spratt-O-40u5howqw-unsplash.jpg",768,512,false],"large":["https:\/\/makedamusic.fr\/mariage\/wp-content\/uploads\/2021\/10\/annie-spratt-O-40u5howqw-unsplash-1024x683.jpg",950,634,true],"1536x1536":["https:\/\/makedamusic.fr\/mariage\/wp-content\/uploads\/2021\/10\/annie-spratt-O-40u5howqw-unsplash-1536x1024.jpg",1536,1024,true],"2048x2048":["https:\/\/makedamusic.fr\/mariage\/wp-content\/uploads\/2021\/10\/annie-spratt-O-40u5howqw-unsplash-2048x1366.jpg",2048,1366,true],"inspiro-featured-image":["https:\/\/makedamusic.fr\/mariage\/wp-content\/uploads\/2021\/10\/annie-spratt-O-40u5howqw-unsplash-2000x1334.jpg",2000,1334,true],"inspiro-loop":["https:\/\/makedamusic.fr\/mariage\/wp-content\/uploads\/2021\/10\/annie-spratt-O-40u5howqw-unsplash-950x320.jpg",950,320,true],"inspiro-loop@2x":["https:\/\/makedamusic.fr\/mariage\/wp-content\/uploads\/2021\/10\/annie-spratt-O-40u5howqw-unsplash-1900x640.jpg",1900,640,true],"portfolio_item-thumbnail":["https:\/\/makedamusic.fr\/mariage\/wp-content\/uploads\/2021\/10\/annie-spratt-O-40u5howqw-unsplash-600x400.jpg",600,400,true],"portfolio_item-thumbnail@2x":["https:\/\/makedamusic.fr\/mariage\/wp-content\/uploads\/2021\/10\/annie-spratt-O-40u5howqw-unsplash-1200x800.jpg",1200,800,true],"portfolio_item-masonry":["https:\/\/makedamusic.fr\/mariage\/wp-content\/uploads\/2021\/10\/annie-spratt-O-40u5howqw-unsplash-600x400.jpg",600,400,true],"portfolio_item-masonry@2x":["https:\/\/makedamusic.fr\/mariage\/wp-content\/uploads\/2021\/10\/annie-spratt-O-40u5howqw-unsplash-1200x800.jpg",1200,800,true],"portfolio_item-thumbnail_cinema":["https:\/\/makedamusic.fr\/mariage\/wp-content\/uploads\/2021\/10\/annie-spratt-O-40u5howqw-unsplash-800x335.jpg",800,335,true],"portfolio_item-thumbnail_portrait":["https:\/\/makedamusic.fr\/mariage\/wp-content\/uploads\/2021\/10\/annie-spratt-O-40u5howqw-unsplash-600x900.jpg",600,900,true],"portfolio_item-thumbnail_portrait@2x":["https:\/\/makedamusic.fr\/mariage\/wp-content\/uploads\/2021\/10\/annie-spratt-O-40u5howqw-unsplash-1200x1467.jpg",1200,1467,true],"portfolio_item-thumbnail_square":["https:\/\/makedamusic.fr\/mariage\/wp-content\/uploads\/2021\/10\/annie-spratt-O-40u5howqw-unsplash-800x800.jpg",800,800,true]},"_links":{"self":[{"href":"https:\/\/makedamusic.fr\/mariage\/wp-json\/wp\/v2\/pages\/7085","targetHints":{"allow":["GET"]}}],"collection":[{"href":"https:\/\/makedamusic.fr\/mariage\/wp-json\/wp\/v2\/pages"}],"about":[{"href":"https:\/\/makedamusic.fr\/mariage\/wp-json\/wp\/v2\/types\/page"}],"author":[{"embeddable":true,"href":"https:\/\/makedamusic.fr\/mariage\/wp-json\/wp\/v2\/users\/1"}],"replies":[{"embeddable":true,"href":"https:\/\/makedamusic.fr\/mariage\/wp-json\/wp\/v2\/comments?post=7085"}],"version-history":[{"count":5,"href":"https:\/\/makedamusic.fr\/mariage\/wp-json\/wp\/v2\/pages\/7085\/revisions"}],"predecessor-version":[{"id":7948,"href":"https:\/\/makedamusic.fr\/mariage\/wp-json\/wp\/v2\/pages\/7085\/revisions\/7948"}],"wp:featuredmedia":[{"embeddable":true,"href":"https:\/\/makedamusic.fr\/mariage\/wp-json\/wp\/v2\/media\/6506"}],"wp:attachment":[{"href":"https:\/\/makedamusic.fr\/mariage\/wp-json\/wp\/v2\/media?parent=7085"}],"curies":[{"name":"wp","href":"https:\/\/api.w.org\/{rel}","templated":true}]}}