{"id":7096,"date":"2025-02-06T23:31:49","date_gmt":"2025-02-06T23:31:49","guid":{"rendered":"https:\/\/makedamusic.fr\/mariage\/?page_id=7096"},"modified":"2026-03-15T22:34:43","modified_gmt":"2026-03-15T21:34:43","slug":"plan-du-site","status":"publish","type":"page","link":"https:\/\/makedamusic.fr\/mariage\/plan-du-site\/","title":{"rendered":"Plan du site"},"content":{"rendered":"<div class=\"aioseo-html-sitemap\"><style>.aioseo-html-sitemap.labels-hidden ul { margin: 0; }<\/style><div class=\"aioseo-html-post-sitemap\"><h4>Articles<\/h4><ul><li><a href=\"https:\/\/makedamusic.fr\/mariage\/les-3-raisons-de-faire-appel-a-un-professionnel-du-spectacle\/\" >Les 3 raisons de faire appel \u00e0 un professionnel du spectacle<\/a><\/li><li><a href=\"https:\/\/makedamusic.fr\/mariage\/faut-il-sonoriser-votre-ceremonie\/\" >Faut-il sonoriser votre c\u00e9r\u00e9monie ?<\/a><\/li><li><a href=\"https:\/\/makedamusic.fr\/mariage\/mariage-catholique-conditions-ceremonie\/\" >Mariage catholique : conditions et pr\u00e9paration de la c\u00e9r\u00e9monie<\/a><\/li><li><a href=\"https:\/\/makedamusic.fr\/mariage\/mariage-protestant-les-5-conditions-a-respecter\/\" >Mariage Protestant : Les 5 conditions \u00e0 respecter<\/a><\/li><li><a href=\"https:\/\/makedamusic.fr\/mariage\/liste-de-chants-cocktail-de-mariage\/\" >Liste de Chants Cocktail de Mariage<\/a><\/li><li><a href=\"https:\/\/makedamusic.fr\/mariage\/repertoire-type-pour-une-benediction-de-mariage\/\" >R\u00e9pertoire Type pour une B\u00e9n\u00e9diction de Mariage<\/a><\/li><li><a href=\"https:\/\/makedamusic.fr\/mariage\/deroulement-type-dune-benediction-de-mariage-gospel\/\" >D\u00e9roulement Type d&rsquo;une B\u00e9n\u00e9diction de mariage Gospel<\/a><\/li><li><a href=\"https:\/\/makedamusic.fr\/mariage\/3-raisons-pour-une-animation-musicale-a-votre-evenement\/\" >3 raisons pour une animation musicale \u00e0 votre \u00e9v\u00e8nement<\/a><\/li><li><a href=\"https:\/\/makedamusic.fr\/mariage\/les-5-regles-a-suivre-afin-de-choisir-le-groupe-de-musique-de-votre-mariage\/\" >Les 5 r\u00e8gles \u00e0 suivre afin de choisir le groupe de musique de votre mariage<\/a><\/li><li><a href=\"https:\/\/makedamusic.fr\/mariage\/deroulement-type-ceremonie-laique\/\" >D\u00e9roulement Type C\u00e9r\u00e9monie La\u00efque<\/a><\/li><li><a href=\"https:\/\/makedamusic.fr\/mariage\/organisation-musicale-mariage-6-etapes\/\" >Organisation musicale d\u2019un mariage : 6 \u00e9tapes cl\u00e9s<\/a><\/li><li><a href=\"https:\/\/makedamusic.fr\/mariage\/les-4-etapes-du-process-de-reservation\/\" >Les 4 \u00e9tapes du process de r\u00e9servation<\/a><\/li><li><a href=\"https:\/\/makedamusic.fr\/mariage\/repertoire-type-messe-de-mariage-gospel\/\" >R\u00e9pertoire Type Messe de Mariage Gospel<\/a><\/li><li><a href=\"https:\/\/makedamusic.fr\/mariage\/mariage-oecumenique-quels-sont-les-points-a-verifier\/\" >Mariage \u0152cum\u00e9nique&#8230; quels sont les points \u00e0 v\u00e9rifier ?<\/a><\/li><li><a href=\"https:\/\/makedamusic.fr\/mariage\/deroulement-type-messe-de-mariage-gospel\/\" >D\u00e9roulement Type Messe de mariage<\/a><\/li><li><a href=\"https:\/\/makedamusic.fr\/mariage\/dj-live-mariage-definition\/\" >Qu\u2019est-ce qu\u2019un DJ live pour mariage ?<\/a><\/li><li><a href=\"https:\/\/makedamusic.fr\/mariage\/votre-ceremonie-laique-ou-ceremonie-dengagement-a-lamericaine\/\" >Votre C\u00e9r\u00e9monie La\u00efque ou C\u00e9r\u00e9monie d&rsquo;Engagement \u00e0 l&rsquo;Am\u00e9ricaine<\/a><\/li><li><a href=\"https:\/\/makedamusic.fr\/mariage\/mariage-juif-conditions-rites\/\" >Mariage juif : conditions, rites et pr\u00e9paration<\/a><\/li><li><a href=\"https:\/\/makedamusic.fr\/mariage\/demarches-administratives-mariage-civil\/\" >D\u00e9marches administratives du mariage civil en France<\/a><\/li><li><a href=\"https:\/\/makedamusic.fr\/mariage\/trouver-le-lieu-parfait-et-les-bons-prestataires-par-ou-commencer\/\" >Trouver le lieu parfait et les bons prestataires : par o\u00f9 commencer ?<\/a><\/li><li><a href=\"https:\/\/makedamusic.fr\/mariage\/budget-mariage-sans-depasser\/\" >Budget de mariage : comment tout pr\u00e9voir sans d\u00e9passer<\/a><\/li><li><a href=\"https:\/\/makedamusic.fr\/mariage\/ceremonie-reception-mariage-moment-unique\/\" >C\u00e9r\u00e9monie et r\u00e9ception de mariage : cr\u00e9er un moment unique<\/a><\/li><li><a href=\"https:\/\/makedamusic.fr\/mariage\/coordination-familiale-mariage-sans-tensions\/\" >Coordination familiale du mariage : impliquer ses proches sans tensions<\/a><\/li><\/ul><\/div><br \/><div class=\"aioseo-html-page-sitemap\"><h4>Pages<\/h4><ul><li><a href=\"https:\/\/makedamusic.fr\/mariage\/contact\/\" >Contact<\/a><\/li><li><a href=\"https:\/\/makedamusic.fr\/mariage\/blog\/\" >Blog<\/a><\/li><li><a href=\"https:\/\/makedamusic.fr\/mariage\/groupes-de-musique-pour-mariage-gospel-jazz-orchestre-dj\/\" >Nos groupes de musique pour mariage<\/a><\/li><li><a href=\"https:\/\/makedamusic.fr\/mariage\/\" >Musique de mariage live : gospel, orchestre, jazz et DJ<\/a><\/li><li><a href=\"https:\/\/makedamusic.fr\/mariage\/plan-du-site\/\" >Plan du site<\/a><\/li><li><a href=\"https:\/\/makedamusic.fr\/mariage\/temoignages\/\" >T\u00e9moignages<\/a><\/li><\/ul><\/div><br \/><div class=\"aioseo-html-wpzoom-shortcode-sitemap\"><h4>Social Icon Sets<\/h4><ul><li><a href=\"https:\/\/makedamusic.fr\/mariage\/wpzoom-shortcode\/7070\/\" >r\u00e9seaux sociaux<\/a><\/li><\/ul><\/div><br \/><div class=\"aioseo-html-portfolio_item-sitemap\"><h4>Portfolio<\/h4><ul><li><a href=\"https:\/\/makedamusic.fr\/mariage\/project\/jazz-pearls\/\" >Jazz Pearl&rsquo;s<\/a><\/li><li><a href=\"https:\/\/makedamusic.fr\/mariage\/project\/dj-live-mariage\/\" >Dj&rsquo;s &#038; Dj Live<\/a><\/li><li><a href=\"https:\/\/makedamusic.fr\/mariage\/project\/frans-orchestra\/\" >Fran&rsquo;s Orchestra<\/a><\/li><li><a href=\"https:\/\/makedamusic.fr\/mariage\/project\/amany-neshama-mariage-juif\/\" >Amany Neshama<\/a><\/li><li><a href=\"https:\/\/makedamusic.fr\/mariage\/project\/amany-gospel-mariage-2\/\" >Amany<\/a><\/li><li><a href=\"https:\/\/makedamusic.fr\/mariage\/project\/ceremonie-religieuse\/\" >C\u00e9r\u00e9monie Religieuse<\/a><\/li><li><a href=\"https:\/\/makedamusic.fr\/mariage\/project\/cocktail-vin-dhonneur\/\" >Cocktail &#8211; Vin d&rsquo;honneur<\/a><\/li><li><a href=\"https:\/\/makedamusic.fr\/mariage\/project\/musique-ceremonie-laique-mariage\/\" >C\u00e9r\u00e9monie La\u00efque<\/a><\/li><li><a href=\"https:\/\/makedamusic.fr\/mariage\/project\/animation-de-soiree\/\" >Animation de Soir\u00e9e<\/a><\/li><\/ul><\/div><br \/><div class=\"aioseo-html-category-sitemap\"><h4>Cat\u00e9gories<\/h4><ul><li><a href=\"https:\/\/makedamusic.fr\/mariage\/category\/organisation\/\" >Organisation<\/a><\/li><li><a href=\"https:\/\/makedamusic.fr\/mariage\/category\/musique\/\" >Musique<\/a><\/li><li><a href=\"https:\/\/makedamusic.fr\/mariage\/category\/ceremonie\/\" >C\u00e9r\u00e9monie<\/a><\/li><\/ul><\/div><br \/><div class=\"aioseo-html-portfolio-sitemap\"><h4>Categories<\/h4><ul><li><a href=\"https:\/\/makedamusic.fr\/mariage\/portfolio\/artistes\/\" >Artistes<\/a><ul><li><a href=\"https:\/\/makedamusic.fr\/mariage\/portfolio\/cocktail\/\" >Cocktail<\/a><\/li><li><a href=\"https:\/\/makedamusic.fr\/mariage\/portfolio\/diner\/\" >Diner<\/a><\/li><li><a href=\"https:\/\/makedamusic.fr\/mariage\/portfolio\/ceremonie\/\" >C\u00e9r\u00e9monie<\/a><\/li><li><a href=\"https:\/\/makedamusic.fr\/mariage\/portfolio\/religieux\/\" >Religieux<\/a><\/li><li><a href=\"https:\/\/makedamusic.fr\/mariage\/portfolio\/laic\/\" >La\u00efc<\/a><\/li><\/ul><\/li><li><a href=\"https:\/\/makedamusic.fr\/mariage\/portfolio\/mariage-laic\/\" >Mariage La\u00efc<\/a><\/li><li><a href=\"https:\/\/makedamusic.fr\/mariage\/portfolio\/mariage-religieux\/\" >Mariage Religieux<\/a><\/li><li><a href=\"https:\/\/makedamusic.fr\/mariage\/portfolio\/soiree\/\" >Soir\u00e9e<\/a><\/li><li><a href=\"https:\/\/makedamusic.fr\/mariage\/portfolio\/vin-dhonneur\/\" >Vin d&#039;Honneur<\/a><\/li><\/ul><\/div><br \/><\/div>","protected":false},"excerpt":{"rendered":"","protected":false},"author":1,"featured_media":5943,"parent":0,"menu_order":0,"comment_status":"closed","ping_status":"closed","template":"elementor_theme","meta":{"inspiro_hide_title":false,"footnotes":""},"class_list":["post-7096","page","type-page","status-publish","has-post-thumbnail","hentry"],"aioseo_notices":[],"featured_media_urls":{"thumbnail":["https:\/\/makedamusic.fr\/mariage\/wp-content\/uploads\/2014\/06\/eric-park-408241-unsplash-1-150x150.jpg",150,150,true],"medium":["https:\/\/makedamusic.fr\/mariage\/wp-content\/uploads\/2014\/06\/eric-park-408241-unsplash-1-300x200.jpg",300,200,true],"medium_large":["https:\/\/makedamusic.fr\/mariage\/wp-content\/uploads\/2014\/06\/eric-park-408241-unsplash-1.jpg",768,512,false],"large":["https:\/\/makedamusic.fr\/mariage\/wp-content\/uploads\/2014\/06\/eric-park-408241-unsplash-1-1024x683.jpg",950,634,true],"1536x1536":["https:\/\/makedamusic.fr\/mariage\/wp-content\/uploads\/2014\/06\/eric-park-408241-unsplash-1-1536x1024.jpg",1536,1024,true],"2048x2048":["https:\/\/makedamusic.fr\/mariage\/wp-content\/uploads\/2014\/06\/eric-park-408241-unsplash-1-2048x1366.jpg",2048,1366,true],"inspiro-featured-image":["https:\/\/makedamusic.fr\/mariage\/wp-content\/uploads\/2014\/06\/eric-park-408241-unsplash-1-2000x1334.jpg",2000,1334,true],"inspiro-loop":["https:\/\/makedamusic.fr\/mariage\/wp-content\/uploads\/2014\/06\/eric-park-408241-unsplash-1-950x320.jpg",950,320,true],"inspiro-loop@2x":["https:\/\/makedamusic.fr\/mariage\/wp-content\/uploads\/2014\/06\/eric-park-408241-unsplash-1-1900x640.jpg",1900,640,true],"portfolio_item-thumbnail":["https:\/\/makedamusic.fr\/mariage\/wp-content\/uploads\/2014\/06\/eric-park-408241-unsplash-1-600x400.jpg",600,400,true],"portfolio_item-thumbnail@2x":["https:\/\/makedamusic.fr\/mariage\/wp-content\/uploads\/2014\/06\/eric-park-408241-unsplash-1-1200x800.jpg",1200,800,true],"portfolio_item-masonry":["https:\/\/makedamusic.fr\/mariage\/wp-content\/uploads\/2014\/06\/eric-park-408241-unsplash-1-600x400.jpg",600,400,true],"portfolio_item-masonry@2x":["https:\/\/makedamusic.fr\/mariage\/wp-content\/uploads\/2014\/06\/eric-park-408241-unsplash-1-1200x800.jpg",1200,800,true],"portfolio_item-thumbnail_cinema":["https:\/\/makedamusic.fr\/mariage\/wp-content\/uploads\/2014\/06\/eric-park-408241-unsplash-1-800x335.jpg",800,335,true],"portfolio_item-thumbnail_portrait":["https:\/\/makedamusic.fr\/mariage\/wp-content\/uploads\/2014\/06\/eric-park-408241-unsplash-1-600x900.jpg",600,900,true],"portfolio_item-thumbnail_portrait@2x":["https:\/\/makedamusic.fr\/mariage\/wp-content\/uploads\/2014\/06\/eric-park-408241-unsplash-1-1200x1467.jpg",1200,1467,true],"portfolio_item-thumbnail_square":["https:\/\/makedamusic.fr\/mariage\/wp-content\/uploads\/2014\/06\/eric-park-408241-unsplash-1-800x800.jpg",800,800,true]},"_links":{"self":[{"href":"https:\/\/makedamusic.fr\/mariage\/wp-json\/wp\/v2\/pages\/7096","targetHints":{"allow":["GET"]}}],"collection":[{"href":"https:\/\/makedamusic.fr\/mariage\/wp-json\/wp\/v2\/pages"}],"about":[{"href":"https:\/\/makedamusic.fr\/mariage\/wp-json\/wp\/v2\/types\/page"}],"author":[{"embeddable":true,"href":"https:\/\/makedamusic.fr\/mariage\/wp-json\/wp\/v2\/users\/1"}],"replies":[{"embeddable":true,"href":"https:\/\/makedamusic.fr\/mariage\/wp-json\/wp\/v2\/comments?post=7096"}],"version-history":[{"count":4,"href":"https:\/\/makedamusic.fr\/mariage\/wp-json\/wp\/v2\/pages\/7096\/revisions"}],"predecessor-version":[{"id":7946,"href":"https:\/\/makedamusic.fr\/mariage\/wp-json\/wp\/v2\/pages\/7096\/revisions\/7946"}],"wp:featuredmedia":[{"embeddable":true,"href":"https:\/\/makedamusic.fr\/mariage\/wp-json\/wp\/v2\/media\/5943"}],"wp:attachment":[{"href":"https:\/\/makedamusic.fr\/mariage\/wp-json\/wp\/v2\/media?parent=7096"}],"curies":[{"name":"wp","href":"https:\/\/api.w.org\/{rel}","templated":true}]}}